e factors of v.
2, 3
Let w = -832 - -1253. List the prime factors of w.
421
What are the prime factors of 31 - (6 + (-6)/2)?
2, 7
Let b be 27/(-45) - 26/(-10). Suppose 152 = 4*u - 2*g, -3*u + 144 = u + b*g. List the prime factors of u.
37
Let i(m) be the third derivative of -m**4/8 + 25*m**3/6 + m**2. Let w(h) = -5*h + 38. Let u(z) = 8*i(z) - 5*w(z). List the prime factors of u(-7).
3
Suppose 0 = 3*j - 4*w - 4, -j + w = -w. What are the prime factors of j - (-2)/(-2) - -2?
5
Let h(l) = 29*l - 2. What are the prime factors of h(1)?
3
Let d = -6 + 107. List the prime factors of d.
101
Let g(p) = -6 - 11*p**2 + 42*p**2 + 5. What are the prime factors of g(-1)?
2, 3, 5
Suppose 5*i - 68 + 26 = -4*y, -2*y = -2*i + 24. Suppose j - 5*c - 12 = -2*c, i = j - 4*c. What are the prime factors of j?
2, 3
Let t(c) be the first derivative of 13*c**3/3 - c - 1. Let z = -19 - -20. List the prime factors of t(z).
2, 3
Let v be 0 + 0 + (-1 - -4). Suppose v*a = -a. Suppose a*h + 6 = 3*h. What are the prime factors of h?
2
Suppose y - 2*y = 2. Let w = -4 + 6. Let t = w - y. List the prime factors of t.
2
Let v(u) = -u**3 + 12*u**2 + 3. Let z be v(12). Suppose z*a + 12 - 63 = 0. List the prime factors of a.
17
Suppose -2*u + 4 = 0, -5*u = c + 3*c - 18. Let s be (-1 + c)/((-2)/(-6)). Suppose 2*z - 40 = -s*z. What are the prime factors of z?
2
Suppose 0 = -5*h + 315 - 80. What are the prime factors of h?
47
Let r(f) = 3*f - 10. Let k be r(4). Suppose 2*m + k*o - 14 = -0*m, 23 = 3*m + 4*o. What are the prime factors of m?
5
Let k(n) = -5*n - 5. What are the prime factors of k(-7)?
2, 3, 5
Let f = 81 + -51. List the prime factors of f.
2, 3, 5
Let n(a) be the third derivative of -a**4/24 + a**3/3 + 2*a**2. List the prime factors of n(-7).
3
Let q(f) = -f**2 - 13*f - 1. Let b be q(-9). Suppose -2*y + b = 3*y. List the prime factors of y.
7
Let f = 2 + 3. Suppose c = 2*h - 0*h + 8, -3*h + f*c - 19 = 0. What are the prime factors of 0 + (-39)/h + -1?
2, 3
Let g(s) = s - 3. Let q be g(4). Let p(w) = 3*w + 1. Let y be p(-2). Let z = q - y. What are the prime factors of z?
2, 3
Suppose 5*z = -0*z + 5. Let t be (-3*z)/3 + 13. Suppose 20 = -i + 5*i, -2*j = -2*i - t. List the prime factors of j.
11
Suppose 3*z + 4*k + k - 350 = 0, -566 = -5*z - 4*k. List the prime factors of z/25*10/4.
11
Let l(m) = -2*m - 8. Suppose 4*a + 3*c + 2*c = -69, 0 = -4*c - 20. List the prime factors of l(a).
2, 7
Suppose 8*b = 14*b - 36. List the prime factors of b.
2, 3
Let k(f) = f**3 + f**2 - 2*f + 107. List the prime factors of k(0).
107
Let n = -53 - -368. What are the prime factors of n?
3, 5, 7
Suppose -6 = -2*m + 8. Let d = 1 - m. What are the prime factors of d/(-2) - (4 - 3)?
2
Suppose p = -6 + 1. Let m = 11 - p. What are the prime factors of m?
2
Let y(u) = 4 - 1 - 3*u - 2*u. Let i(l) = 15*l - 8. Let o(m) = -4*i(m) - 11*y(m). What are the prime factors of o(-1)?
2
What are the prime factors of (-696)/(-18) + 2/6?
3, 13
Let c(t) = t + 9. Let q be c(-11). Let y(w) = -8*w - 2. What are the prime factors of y(q)?
2, 7
Suppose 4*p - 27 = -11. Let z = -21 + 21. Let m = p - z. What are the prime factors of m?
2
Let s(c) = 5*c**3 - c**2 + c + 2. Let n be s(-2). Let z = n + 75. What are the prime factors of z?
31
Let s(r) = r - 3. Let h be s(5). Suppose 4 = -z - h. Let u = z - -10. What are the prime factors of u?
2
Let n(t) = 3 + 6 - 4*t**2 + 5*t**2 - t**3. Let m(r) = -r**3 + 7*r**2 - r + 7. Let l be m(7). List the prime factors of n(l).
3
Suppose -2*b = -4*b + 6. Suppose 8*j = b*j + 60. List the prime factors of j.
2, 3
Suppose 0*w = -w - 2. List the prime factors of (-3)/(w/(5 + -3)).
3
Suppose 0 = -2*d + 2*v + 12, -3*v + 2 + 4 = 3*d. Suppose -d*u + 135 - 43 = 0. List the prime factors of u.
23
Let k be (2 - -1) + -4 + 96. Suppose 3*n = -26 + k. What are the prime factors of n?
23
Suppose 3*z - 180 = z. Suppose 0 = r + r - z. List the prime factors of (6/(-5))/((-6)/r).
3
Suppose 5*s + 24 = k, -3*k - 2*s = -0 - 4. Suppose 0 = -k*j - 3 + 39. What are the prime factors of j?
3
Suppose 0 = t + 3 + 3. Let a = -2 - t. What are the prime factors of 50/a + 27/(-18)?
11
List the prime factors of (-1)/3 - (-733)/3.
2, 61
Let r(s) = -s**3 + 18*s**2 + 43*s - 21. List the prime factors of r(20).
3, 13
Suppose -v - y - 15 = 4*y, 4*v = 3*y - 37. Suppose -28 = h + 3*i, -44 = 3*h - i - 0*i. Let f = v - h. List the prime factors of f.
2, 3
Suppose 12 = -5*y + 2*y. Let f(c) = -3*c - 1. Let u be f(3). What are the prime factors of (u/y)/((-2)/(-4))?
5
Let l be (-20)/(-4)*212/20. Suppose -2*y = -29 - l. List the prime factors of y.
41
Let g(r) = 3*r**3 + 2*r**2 + 3*r - 5. Let q = 22 + -20. List the prime factors of g(q).
3, 11
Let q(s) be the third derivative of 5*s**4/24 - 5*s**3/6 + 4*s**2. List the prime factors of q(3).
2, 5
Let k = 51 - 35. Suppose -4*w = -96 + k. List the prime factors of w.
2, 5
Let o(t) = -3*t**2 + 23*t - 3. Let q(h) = h**2 - 8*h + 1. Let k(c) = -6*o(c) - 17*q(c). Suppose 4 = -0*i - 2*i. What are the prime factors of k(i)?
3
Let a be 1/(-3 + 32/10). Suppose a*l + 4 = -4*j + 24, l + 24 = 2*j. What are the prime factors of j?
2, 5
Suppose f + s - 3 = 0, 5*f + 4*s - 6 = 3*f. Suppose f*x - 6*x = -36. What are the prime factors of x?
2, 3
Let v(u) = u**2 + 14*u + 8. List the prime factors of v(-15).
23
What are the prime factors of ((-39)/9)/(3/(-117))?
13
Suppose -6*i + 27 = -3*i. Suppose -2*h + i = -h. What are the prime factors of h?
3
Let w be (-4)/(-3)*6/4. Suppose 0 = -w*q - 3*g + 5*g, -2*g = 8. List the prime factors of 6/2*q/(-3).
2
Let i be ((-14)/3)/((-8)/12). Suppose -3*w = -t + 16, 1 = -4*w - i. What are the prime factors of t?
2, 5
Suppose z = -0*z + 6. Suppose -n = -z*n + 55. List the prime factors of n.
11
Let n = 129 + 65. What are the prime factors of n?
2, 97
Let f(c) = c**2 + 4. Let t = 4 - 4. Let n be f(t). Suppose 10 = n*l + l. What are the prime factors of l?
2
Let x be (1 + 0)/((-3)/(-6)). What are the prime factors of (-162)/(-6)*x/6?
3
Suppose 0 = r - c - 258 + 5, -1286 = -5*r - 2*c. List the prime factors of r.
2
Suppose -3*c + 4*c - 29 = 0. What are the prime factors of c?
29
Let a be (-3)/2*2 + 6. Suppose -m + a*m = 28. What are the prime factors of m?
2, 7
Let d(v) = -v**3 - 16*v**2 + v + 8. What are the prime factors of d(-17)?
2, 5, 7
Suppose -10*j + 257 = -473. List the prime factors of j.
73
Suppose -p + 197 = -5*f, f = 6 - 2. What are the prime factors of p?
7, 31
Let h(a) = -10*a**3 - 11*a**2 + 15*a - 25. Let d(j) = 3*j**3 + 4*j**2 - 5*j + 8. Let m(v) = -7*d(v) - 2*h(v). What are the prime factors of m(-7)?
2
Let k(l) = -l - 1. What are the prime factors of k(-3)?
2
Suppose -y + 22 = 5*w, 1 = -y + 2*w - 5. Suppose -m + y = -0*m. Suppose -6 - m = -z. List the prime factors of z.
2
Suppose -2*h + 6*h = -140. Let y = h - -101. What are the prime factors of y/4 - 6/(-4)?
2, 3
Suppose 5 = -u, 0 = -2*t - t - 4*u - 5. Suppose -t*i + 13 = -7. Suppose 0 = i*q - 0*q - 64. List the prime factors of q.
2
Let s = -11 - -6. Let a(x) = -3*x - 5. List the prime factors of a(s).
2, 5
Let p be (2 - 34) + (1 - -3). List the prime factors of (49/p)/(2/(-56)).
7
Suppose -2*t = 5*x - 113, 5*x + 2*t - 101 = 3*t. Let b = -5 - x. Let z = -18 - b. What are the prime factors of z?
2
Let o = -37 - -64. What are the prime factors of o?
3
Let r(g) = -10*g + 1. Let m be 1/((-1)/(-1) - 2). List the prime factors of r(m).
11
Let s be -5*(-1 - 21/(-15)). Let b = -4 - s. List the prime factors of -3 - b - 26/(-2).
2, 3
Let j = 56 - 52. Let q = -13 - -18. What are the prime factors of q/j*(-1 - -5)?
5
Let x(y) = 7 - 9*y + 5*y + 5*y. Let n be ((1 + -1)/(-2))/1. What are the prime factors of x(n)?
7
Suppose -18 = -3*f - 3. Suppose -2*z = -f - 7. Let k(l) = l - 3. What are the prime factors of k(z)?
3
Let c = 12 + -7. Suppose 15 = c*q - 55. List the prime factors of q.
2, 7
Suppose -2*k + 5*d + 156 = 2*d, 0 = k + 4*d - 100. Suppose -4*r + k = -0*r. What are the prime factors of r?
3, 7
Suppose -2 = -f + 1. Suppose 2*l - 20 = -o, 5*l - 44 = -f*o + 11. What are the prime factors of (o - 0)*(-4)/(-10)?
2
Let p(l) = l**3 + 13*l**2 + 14*l + 1. What are the prime factors of p(-11)?
89
Let d = 36 + -8. What are the prime factors of d?
2, 7
Suppose 0*n + 24 = q + n, 0 = 4*q + n - 84. Suppose -2*k - 2*b 